86*r + 34 - 17 - 17. Determine f(r).
3
Let q(p) = -13*p**3 + 2*p. Let i be q(-1). Let c(w) = -2*w - 4*w + 7*w + 10 - i. What is c(-2)?
-3
Let l(s) = 3*s**3 - 2*s - 1. Let y(n) = -14*n**3 + 10*n. Let c(o) = 5*l(o) + y(o). Suppose -5*u = -0*u. Determine c(u).
-5
Suppose -3*i - 3 = 2*t - 8, 5*i = -3*t + 10. Let v(q) = 14*q**2 + 7 + 400567*q - 400562*q - 13*q**2. What is v(t)?
7
Let y be 11/((5 - 3) + -1). Let o(k) = -10*k - 5 - k**3 + 9 + 8*k**2 + y. Let n be o(7). Let i(u) = -u**2 - 5*u + 5. Determine i(n).
-1
Let a(d) = d**2 + 5*d. Let m be a(-5). Suppose -3*i - 3*q + 16 = i, m = 5*q. Let p(x) = -x**3 + i*x**2 + 6*x + 2*x - 7*x. Determine p(4).
4
Let s = 127 - 121. Let v(o) = o**3 - 3*o**2 - 9*o + 3. Let y(t) = 2*t**3 - 5*t**2 - 19*t + 5. Let n(h) = -5*v(h) + 2*y(h). Determine n(s).
1
Let v(q) = -5*q + 23. Suppose -9*l = 4*l - 91. Determine v(l).
-12
Suppose -254 = 102*k + 256. Let n(c) = -4*c**2 - 5*c. Calculate n(k).
-75
Let b(a) = a**2 + 25*a + 27. Let z be b(-24). Let w(f) = 3 - 37*f**3 + 8 + 17*f - 1 + 17*f**2 + 38*f**z. Give w(-16).
-6
Let q(i) = i**2 - 3*i + 6. Let p be q(4). Let v(o) be the third derivative of o**6/120 - 11*o**5/60 + 11*o**4/24 - 5*o**3/6 + o**2 - 335*o - 6. Give v(p).
5
Let t(u) = 10*u**2 + u - 1. Let v be (-8 + -2 - -4) + 13. Suppose 78 = -v*p + 85. Determine t(p).
10
Let n(s) = -s**2 - 30*s + 13. Let d(z) = z**2 + 26*z - 11. Let c(r) = -6*d(r) - 5*n(r). Let o(i) = 3*i - 1. Let y be o(-2). Let h = 2 + y. What is c(h)?
6
Suppose -17*j = -10*j - 14. Let b(a) = 0*a**j + a**2 + 2 - 6*a - 5*a + 4*a. What is b(5)?
-8
Let k be -7*(-14)/245 + (-86)/(-10). Suppose -72 = 3*a + k*a. Let j(i) = i - 10. Let z(t) = -2. Let d(u) = -2*j(u) + 9*z(u). Give d(a).
14
Let d(u) = -263*u - 271*u + 1 - 272*u + 758*u. Determine d(-1).
49
Let c(x) be the third derivative of x**4/12 + 7*x**3/6 + x**2. Let p be ((-9025)/(-1083))/(35/(-42)). What is c(p)?
-13
Let i(x) = -33*x - 11 + 62*x - 4 - 30*x. Determine i(6).
-21
Suppose 14 = -2*u - 4*p, 3*u - 10*p = -15*p - 19. Let o(m) = 5*m + 2. Calculate o(u).
-13
Let g(n) = 14*n - 102. Let j(v) = -26*v + 205. Let f(d) = 7*g(d) + 3*j(d). Let r be f(5). Let y(x) = 5*x**2 - 2*x + 2. Calculate y(r).
5
Suppose 75 - 145 = -7*f. Let k(u) = u - 1651*u**3 + 1652*u**3 - 9 - f. Determine k(0).
-19
Let c be -4 + -7 + (-65)/(-5). Let u(k) = 10*k - 1. What is u(c)?
19
Let r be (52/5)/(16/40). Suppose r*z + 135 = 11*z. Let l(y) = -3*y - 6. Give l(z).
21
Let u(r) be the third derivative of -3*r**5/10 + r**4/24 - r**3/6 + r**2. Suppose 1495*a = -620 + 2115. What is u(a)?
-18
Let l(f) = f**2 + 3*f + 3. Let j(i) = 2*i**2 + 7*i + 7. Let r(a) = -a**2 + 28*a - 79. Let g be r(3). Let k(h) = g*j(h) + 9*l(h). Calculate k(4).
11
Let t(w) = -w**3 - 6*w**2 + 5*w - 15. Let b be 114*21/(-378) - (2 + (-8)/6). What is t(b)?
-1
Suppose -3*s + 13 = 2*d, 5*s + 2*d = -2*d + 21. Let x(w) = -7 + 165*w + 156*w - 322*w. What is x(s)?
-12
Suppose 0 = -2*c + 5*w + 21, 0 = 61*c - 59*c - 4*w - 16. Let n(i) = 4*i. Calculate n(c).
-8
Let q(c) = -8*c + 1. Let u(f) = -f. Let j(p) = q(p) - 3*u(p). Let r be 224/32 + 1 + 4/(-2). Suppose -21 = -15*o - r. Give j(o).
-4
Let d(w) be the third derivative of 2*w**5/15 + 15*w**4/4 + 9*w**3/2 + 4905*w**2. Determine d(-11).
5
Let r(l) = 14*l**3 - l**2 + l. Let a be r(1). Let v(j) = -7 - 31*j**2 + a*j**2 + 16*j**2 + 9*j. Let q be ((-660)/(-11))/10 - (-1 + 2). Determine v(q).
13
Let d(a) = -a**2 - a**3 + 7*a + 22181 - a**2 - 22171. Calculate d(-5).
50
Let k(m) = -29*m**2 - 3*m - 93. Let x(q) = 18*q**2 + q + 61. Let y(g) = 5*k(g) + 8*x(g). Determine y(-7).
23
Let u(w) = 7*w + 1. Let t = 532 + -560. Let m be 12/t + 126/(-49). Determine u(m).
-20
Let j(g) = -15*g + 102. Let k be j(7). Let o(b) = 8*b**2 + b - 8. Give o(k).
61
Let x(p) = -10*p + 62. Suppose w + 44*o - 43*o - 6 = 0, 5*w + 3*o - 30 = 0. Determine x(w).
2
Let u be ((-238)/28 + 8)*0. Let k(b) = -61*b + 6. Determine k(u).
6
Let d(h) be the second derivative of -h**4/12 - 5*h**3/6 + 5*h**2/2 + 563*h - 1. Let g = 7 + -6. Let k be (-1 - g)*56/16. Determine d(k).
-9
Let t(a) be the first derivative of 4*a**2 - 11*a - 1314. Give t(3).
13
Let i(y) be the third derivative of -y**5/60 - 19*y**4/24 - 13*y**3/3 + 2*y**2 - 35. Let h be (-204)/11 + 6/11. What is i(h)?
-8
Let z be 60/10*(-1)/3. Let r be z/(-7) - 38/(-14). Suppose 0 = 2*k - 4*w + 26, -3*k - 5 = -r*w + 22. Let j(y) = y**3 + 6*y**2 + 3*y - 5. Calculate j(k).
5
Suppose 0*o + 4*o + 5*y = 125, -5*o - 4*y = -145. Let n = 29 - o. Let u(f) = n + 0*f**2 - 21*f + 22*f + f**2. Calculate u(-3).
10
Let f(q) = 280*q**2 - 61*q + 49. Let w(g) = 51*g**2 - 12*g + 10. Let j(c) = 2*f(c) - 11*w(c). Give j(5).
13
Let f(z) = z**3 - 8*z**2 + 8*z - 3. Let h be -6 + (-5 - (-6)/2). Let a be 6/h + (-806)/(-104). Give f(a).
4
Let b be 3/9 - 13*(-4)/6. Let a(y) = -y + 16. Let q be a(b). Let j(x) = -x**3 + 6*x**2 + 6*x + 5. What is j(q)?
-2
Let y(u) = u**3 - 13*u**2 + 39*u + 25. Let i be y(7). Let g(s) = 0*s**2 - 3*s**3 - 7*s**2 + 4*s**3 + s**2 - 2*s**2 + 5*s - i. What is g(7)?
-18
Let l(a) = 5*a - 62. Let x(q) = 7*q**2 + 29*q - 220. Let b be x(4). Calculate l(b).
-22
Let h = 1776 + -1783. Let r(k) = 3*k**2 - 4*k**2 + 4 - 21*k + 6 + 13*k. Determine r(h).
17
Suppose 0 = 3*n - 5*q - 1, 57 = 5*n + 3*q - 24. Let x(v) = v**2 - 36*v + 292. Give x(n).
4
Let z(m) = -2*m + 10. Let h(r) be the first derivative of -r**2 + 9*r + 12. Let v(a) = -6*h(a) + 5*z(a). Calculate v(5).
6
Let b(s) = -s**3 - 18*s**2 + 42*s + 42. Let c be b(-20). Let t(n) = 5 - n**c - 5*n + 3 + 12 - 7 - 6. Determine t(-8).
-17
Let m(l) be the first derivative of l**2 + 9*l - 1286. Determine m(9).
27
Let m(f) be the first derivative of -26*f**3/3 + 259*f**2/2 + 6*f + 1953. Give m(10).
-4
Let h(s) = -2*s + 8. Let q(z) = 6*z**2 + 409*z - 408. Let i be q(1). Give h(i).
-6
Let k(y) = -90*y - 787982 + 99*y + 787985. Let t be 2 + -1 - 9/(-3). Suppose -2*g - t + 0 = 0. Give k(g).
-15
Let u be (-3)/(-6) + (-44)/(-8)*37. Suppose 3*c = 3*x - u, 2*x = -5*c - 2*x - 295. Let i = 55 + c. Let r(n) = -n**2 - 10*n - 11. Calculate r(i).
5
Suppose 0 = 33*s - 0 + 99. Let o(t) = -10*t**2 - 30*t + 3. Calculate o(s).
3
Let z = 1304 + -1299. Let i(h) be the third derivative of h**2 + 0*h - 1/4*h**z - 1/6*h**3 + 0*h**4 + 0. What is i(-1)?
-16
Let k(l) = -3*l - 11. Suppose -13*b = 885 - 5461. Let y = -357 + b. Give k(y).
4
Suppose 2*i = i. Suppose -2*f = -3*a - 8, i = 3*a - 4*f + 3 + 1. Let s(n) = n**2 + 4*n - 3. Let h be s(a). Let l(c) = c**3 + 4*c**2 + 3*c + 3. Calculate l(h).
3
Let g = -39 + 51. Let b be g/9 - (-2)/3. Let i(y) = 7*y - y**b - 11 + 5 + y. What is i(6)?
6
Let g(f) = -2*f**2 + 7*f - 4. Let i be 2/(-7) + 15615/(-105). Let h = i + 152. Calculate g(h).
-1
Let t = 7294 + -14587/2. Let s(j) be the second derivative of -t*j**2 + 0 - 21*j - 3/2*j**3. Determine s(-1).
8
Let u(f) = 4*f + 53. Let c be (-4)/14*55286/1436. What is u(c)?
9
Suppose 4*b = -j - 15, 6*b - 12 = 9*b. Let x(h) = 72*h + 3. Determine x(j).
75
Let v be (2 + -4)*(-7 + -6 + 12). Let y(u) = -25*u**2 - 3*u + 3. Determine y(v).
-103
Let r(b) = 28 - 461074*b + b**2 - 3*b**2 + 461029*b. Determine r(-23).
5
Let r be (-2)/8 + 5005/(-44). Let u = 105 + r. Let m(a) = -a**2 - 9*a - 13. What is m(u)?
-13
Let r(p) = 2*p + 15. Let y(h) = -h**2 + 15*h. Let k be y(15). Let o be r(k). Let i(z) = -z - 21 + 3*z + o - z. Give i(0).
-6
Suppose 111 = -29*s - 0*s - 8*s. Let t(r) = 2*r - 7. Let f(l) = l - 3. Let k(b) = -5*f(b) + 2*t(b). What is k(s)?
4
Let p(z) = 27*z - 785. Let f(y) = -y**3 + 15*y**2 + 83*y - 104. Let c be f(19). Calculate p(c).
-2
Let n(i) be the second derivative of i**4/12 + 13*i**3/6 - 6*i**2 + 4220*i. Give n(-14).
2
Let b(v) = v**3 - 7*v**2 + 6*v - 7. Let d(a) = a**3 + 11*a**2 + 6*a + 3. Let y be d(-10). Let q = -33 + y. Suppose l + 3 - q = -h, -2*l = -5*h - 7. Give b(l).
-7
Let t be (30/12)/((-40)/(-32)). Let j(x) be the third derivative of 1/6*x**4 - 1/10*x**5 + 1/120*x**6 - 13*x**t + 0 + 0*x + 5/6*x**3. Give j(5).
0
Let m(c) = 6*c. Let f(l) = -20*l + 3. Let b(v) = -2*f(v) - 7*m(v). Suppose 2*i = 6*i + 24. Give b(i).
6
Let w(j) = -2*j**2 - 35*j + 3. Let f(y) = 4*y**2 + 71*y - 9. Let p(u) = 6*f(u) + 13*w(u). Determine p(-14).
-1
Let y = 7341 - 7370. Let i(s) = s**3 + 28*s**2 - 29*s + 6. What is i(y)?
6
Let t(j) = -j**3 